-52019. Is o a composite number?
False
Suppose -4*x - 22*x + 18009813 = -9655253. Is x composite?
True
Suppose -2*f + 581 = 585, -3*a + 161647 = -2*f. Is a composite?
False
Suppose 0 = -4*f + 72 - 4. Let z(r) = -622*r + 12 + 2*r**2 + 318*r + 310*r - 2 - r**2. Is z(f) a prime number?
True
Is (-545931)/6*162/(-243) a composite number?
False
Suppose r - 3*i = 5*r - 3, 4*i = 3*r + 4. Let k(u) = 23*u - 1390. Let c(w) = 9*w + 1. Let q(n) = 3*c(n) - k(n). Is q(r) prime?
False
Let c = 1074216 + -767129. Is c a prime number?
False
Let d be 586/1*13/2. Suppose 0 = 5*i + 4*y - 17, 126*i = 125*i + y + 7. Suppose i*l - 2*f - 4765 = 0, 0*f + d = 4*l - f. Is l a prime number?
False
Suppose 2*d + 2*z = 54, 0 = 9*d - 6*d + 5*z - 89. Suppose 0 = d*n - 13*n - 90. Suppose -26148 = -3*h - n*h. Is h prime?
True
Let i(g) = -g + 135. Let p be i(10). Is (p/(-30))/(-25)*16194 composite?
False
Let b(g) = 7545*g**2 - 4. Let c(f) = -f**3 + 3*f**2 + 13*f - 14. Let o be c(5). Is b(o) composite?
False
Is 138875 - (-2 - (21 + -11)) composite?
True
Let u(s) = -6*s - 4. Let r be u(3). Let i(a) = -2*a**3 - 45*a**2 - 22*a + 3. Let t be i(r). Is -4 + (-13)/((-316)/104 + t) prime?
False
Suppose 26*d = 30*d - 84. Let v be 32/7 + (-12)/d. Is 321 + (v/(-12))/((-1)/6) composite?
True
Let j(z) = -178*z - 184. Is j(-5) prime?
False
Let s = -38 - -38. Let v = s - -3. Suppose -v*l - 754 = -5*l. Is l a composite number?
True
Let h(g) = 12*g**2 - 19*g + 4. Let n be h(-10). Let z = -55 + n. Is z a composite number?
True
Let i(s) = -5201*s + 415. Let b(o) = 2601*o - 209. Let p(w) = -5*b(w) - 2*i(w). Is p(-8) a prime number?
False
Let c = 1611312 + -957600. Suppose -68744 = 8*t - c. Is t a prime number?
True
Let f = 4 + -1382. Let j(v) = -v**3 + 26*v**2 - 2*v - 54. Let c be j(29). Let k = f - c. Is k composite?
True
Is (-243311 - -10)/(-12 + 11) composite?
False
Let s(g) = 773*g + 20. Suppose 0 = 11*v - 47 - 19. Let z be s(v). Suppose -z = -4*d - 3*n + 875, 2*d + 4*n = 2774. Is d a composite number?
False
Let l(b) be the third derivative of b**8/240 + b**7/1680 - b**6/90 - 5*b**5/12 + 5*b**2. Let i(x) be the third derivative of l(x). Is i(2) a prime number?
False
Suppose c = -o - 2, 3*c - 14 = 3*o + 4. Is 1210 + (21/(-3) - o) composite?
True
Let v = 216422 - 145485. Is v prime?
True
Let o(c) = -c**3 - 28*c**2 + 31*c + 62. Let y be o(-29). Suppose 5*h = -2*l - 0*l + 10807, -y = -4*l. Is h a composite number?
False
Suppose -2*r = -7*r + 14*r - 1340217. Is r a composite number?
False
Let k(b) = b**3 + b**2 - b. Let u(l) = 5*l**3 - 8*l**2 + 7*l - 5. Let s(r) = -4*k(r) + u(r). Let d be s(11). Is (35/d)/((-2)/22) a composite number?
True
Suppose -4*m - 2*u = -4*u - 654, -u + 498 = 3*m. Suppose -2*w - m = -d, 2*d - 4*w = -w + 328. Is d a composite number?
True
Let x(a) = a**2 - a. Let c(s) = -5*s**3 - 9*s**2 - 2*s + 3. Let j(b) = c(b) + 3*x(b). Let n(f) = 2*f - 28. Let o be n(10). Is j(o) prime?
False
Suppose 0 = -2*s + 4*w + 124, 3*w = -10 - 2. Is (s*-301 + 1)*-1 a prime number?
True
Is 192/224 - (-43*(-29429)/(-7))/1 a composite number?
False
Let z(n) be the third derivative of -n**4/6 + 19*n**3/6 + 2*n**2 + 19. Is z(-5) a prime number?
False
Let h(u) = u**2 + 4*u + 28763. Let q be h(0). Let r = -16780 + q. Is r composite?
True
Is (8/(16/(-1)))/(14/(-8390284)) composite?
False
Let w(j) = j**3 - 15*j**2 + 20*j + 29. Let l(a) = -a**2 + 20*a - 73. Let d be l(7). Is w(d) prime?
True
Suppose -3*o - u = -10 - 1, 0 = 3*u + 3. Suppose -4*m = 4*n + 40, -o*m - 19 = -4*n + 21. Is 813/15 + (-8)/m composite?
True
Let u(g) = 921*g**3 + 32*g**2 - 10*g + 25. Is u(4) composite?
False
Is 45/150 - (-7427322)/60 composite?
True
Let g = -227 - -167. Is (-10)/(g/(-183798))*-1 composite?
True
Let m(r) = -7*r**2 + 16*r + 14. Let t be m(-14). Let h = -772 - t. Suppose -3*c = -5*l - 2*c + 1003, -4*l - 3*c + h = 0. Is l a prime number?
False
Suppose -3*u + 314 = -5*u. Let p = u + 239. Is p composite?
True
Suppose -b + 58 = 2*i + 7, -b + 1 = 0. Suppose -28 + i = -z. Suppose 2*j - 4*j = -z*p - 407, -3*j + 5*p + 608 = 0. Is j a composite number?
False
Is (-247240)/(-4) + (-41 - -28) a composite number?
True
Let t be -3 + (-4)/5 + 232/40. Is (-366106)/39*12/(-16)*t prime?
True
Let z = -17137 + 160286. Is z a prime number?
False
Suppose 1045*y + 3*w = 1050*y - 315874, -w = y - 63186. Is y a composite number?
False
Let y = 135826 + -60347. Is y a prime number?
True
Let c(v) = -v - 2. Let b be c(-4). Suppose -60*q + 58*q - 8 = 0. Is b/q*-641*(0 - -2) composite?
False
Suppose 2*f - 135*r = -140*r + 169344, -2*f + 4*r = -169398. Is f a composite number?
True
Suppose -9*k + 32*k - 138 = 0. Suppose 86 = k*l - 976. Is l prime?
False
Suppose 5*g + 11*g = 317936. Let t = g - 11754. Is t a composite number?
False
Suppose 48*j - 43*j = -20. Let l be -1 + (-8 - j - 239). Let w = 1117 - l. Is w prime?
True
Suppose -4*f - 2*s + 98 = 0, -2*f - 23 = -3*f - 2*s. Let p be 95/f + (-3)/(-15). Suppose 541 = 4*b - p*r + r, 4*b + 3*r - 571 = 0. Is b composite?
False
Let z(o) = 2*o**2 - 14*o + 44. Let m be z(-34). Let p = 5234 - m. Is p a composite number?
True
Let b = 20780 + 37571. Suppose -1125 = -4*t + b. Is t composite?
False
Suppose -79898 = 5*w + 3*l, -2*w - l = -6*w - 63932. Let g = w - -26241. Is g a prime number?
True
Let p be (2/8*-502)/((-8)/272). Suppose 12757 = 3*g - 36*b + 31*b, 2*b = -g + p. Is g prime?
True
Suppose -4*i - 3*r = -1195981, -161*r + 158*r - 1494956 = -5*i. Is i composite?
False
Let z(k) = 12*k + 36. Let t be z(-3). Suppose -3*y + 33 - 21 = t. Suppose -13228 = -y*c - 6*d + d, 0 = -3*d. Is c prime?
True
Is (7237*-5)/((-9)/(45/5)) a composite number?
True
Suppose 3*s - s - 1633 = -o, 2*s - 2*o = 1642. Suppose 6*z - s = 616. Is z a prime number?
True
Suppose -4*b = -19*b + 90. Suppose v - b*v + 19538 = -z, -4*z = v - 3895. Is v a prime number?
True
Let s(l) = 538*l - 61. Let v be 15 - 7/(7/6). Is s(v) prime?
False
Suppose 6*j + 1051 = 1063. Suppose 5*s - 73925 = 5*n, -j*s = -5*s + 5*n + 44355. Is s a composite number?
True
Suppose 4 = -4*x, -2*u - 3*x + 23030 + 60195 = 0. Is u composite?
True
Let j = -28 - -188. Let s be 11 + ((-12)/4 - -655). Let z = s - j. Is z composite?
False
Let x be 307/(-3*(-3)/(-9)*1). Let t = x - -5836. Suppose -5*h = -c - 16586, -4*h + 7742 = -3*c - t. Is h composite?
True
Let o(k) = 8*k**2 - 50*k + 67. Let v = -215 + 193. Is o(v) prime?
True
Let y = 591 - -4926. Suppose -7*q = -16*q + y. Is q a composite number?
False
Let p(b) = 112*b**2 - 9*b - 26. Let d be p(-7). Let g = d + -2498. Is g a composite number?
True
Suppose 3*d - 3*c = 77184 + 99198, 0 = -3*d + 4*c + 176389. Is d a composite number?
False
Suppose 5*f = 2*f. Suppose -2*n - 4684 - 8214 = -4*y, -y - 2*n + 3227 = 0. Suppose f = d + 4, -5*d - y = -0*p - 5*p. Is p prime?
True
Let k = -409438 - -632421. Is k prime?
False
Let n(u) = -u - 8. Let y be n(-12). Suppose -16 = -5*v - 1, 2*v - 2078 = -y*d. Suppose -d = 4*o - 6*o. Is o prime?
False
Let o = 520983 - 254828. Is o a composite number?
True
Let t(y) = -86*y**2 + 13*y + 37. Let s be t(-6). Let d = s + 7072. Is d a composite number?
True
Suppose 2*l - 125*n - 111974 = -122*n, 4*l + 5*n = 223948. Is l a prime number?
True
Suppose -d + 24 - 7 = 0. Let k(p) = 54*p + 49. Is k(d) prime?
True
Let s(d) = 28043*d**2 + 21*d - 13. Is s(-2) composite?
True
Let u be 85/(-2)*-1 - (-96)/(-64). Suppose 45137 + 10746 = u*i. Is i a prime number?
False
Let k(f) = -1361*f**3 + 3*f**2 - f + 3. Let u be k(-2). Is (u/20)/(3/12) a prime number?
False
Let a be 5985/261 - (-8)/116. Let x(v) = 15*v + 278. Is x(a) prime?
False
Suppose -14*u = z - 17*u - 12845, -6*z + 2*u = -77038. Is z a composite number?
True
Let q(n) = 26*n**3 - 41*n**2 + 23*n + 61. Is q(12) a prime number?
False
Let t = 176 - 168. Is 96425/t + (-6 + -1)/56 a composite number?
True
Suppose -566155 = -65*v + 311280. Is v prime?
True
Let z(m) = 1130*m**2 - 69*m + 29. Is z(-10) a composite number?
False
Let n = -1878 + 2674. Suppose -3*v - n + 144 = -5*o, 3*o - 394 = -v. Is o prime?
True
Let h(a) = 13*a**2 - 10*a - 6 + 0 + 0. Let t be 14*(-140)/80*6/21. Is h(t) composite?
False
Suppose -3*a - 229 = -5*w, -5*a - 232 = -5*w - a. Suppose 20 = 201*l - 205*l, 0 = 4*h + 2*l - 298. Let z = w + h. Is z prime?
False
Suppose 0 = -8*g - 6 + 126. Let p = 15 - 